{"id":14,"date":"2020-11-21T14:40:39","date_gmt":"2020-11-21T14:40:39","guid":{"rendered":"https:\/\/gruene-graben-neudorf.de\/?page_id=14"},"modified":"2020-11-24T17:01:13","modified_gmt":"2020-11-24T17:01:13","slug":"impressum","status":"publish","type":"page","link":"https:\/\/gruene-graben-neudorf.de\/?page_id=14","title":{"rendered":"Impressum"},"content":{"rendered":"\n<figure class=\"wp-block-table\"><table><tbody><tr><td>Impressum<br>B\u00fcndnis 90 \/ Die Gr\u00fcnen<br>Ortsverband Graben-Neudorf<\/td><\/tr><tr><td>F\u00fcr diese Website verantwortlicher Herausgeber:<br><br>B\u00fcndnis 90 \/ Die Gr\u00fcnen Ortsverband Graben-Neudorf<br><br>Vorstand:<br>Armin Gabler<br>Mozartstr. 2b<br>76676 Graben-Neudorf<br>Tel.: 07255-20469<br>eMail: info(at)gruene-graben-neudorf.de<br><br>Internet:<br><a href=\"http:\/\/www.gruene-graben-neudorf.de\/\">www.gruene-graben-neudorf.de<\/a><br><br>Wartung und Pflege der Internetseite:<br>Arno.Zinecker<br>eMail: arno.zinecker(at)gruene-graben-neudorf.de<br><br>Technische Realisierung:<br>Arno.Zinecker<br>eMail:\u00a0arno.zinecker(at)gruene-graben-neudorf.de<a href=\"#\" data-unscramble=\"ed.froduen-nebarg-eneurg@rekceniz.onra\"><\/a><br><br>Haftungshinweis<br>Trotz sorgf\u00e4ltiger inhaltlicher Kontrolle \u00fcbernehmen wir keine Haftung f\u00fcr die Inhalte externer Links. F\u00fcr den Inhalt der verlinkten<br>Seiten sind ausschlie\u00dflich deren Betreiber verantwortlich.<\/td><\/tr><\/tbody><\/table><\/figure>\n","protected":false},"excerpt":{"rendered":"<p>ImpressumB\u00fcndnis 90 \/ Die Gr\u00fcnenOrtsverband Graben-Neudorf F\u00fcr diese Website verantwortlicher Herausgeber: B\u00fcndnis 90 \/ Die Gr\u00fcnen Ortsverband Graben-Neudorf Vorstand:Armin GablerMozartstr. 2b76676 Graben-NeudorfTel.: 07255-20469eMail: info(at)gruene-graben-neudorf.de Internet:www.gruene-graben-neudorf.de Wartung und Pflege der Internetseite:Arno.ZineckereMail: [&hellip;]<\/p>\n","protected":false},"author":1,"featured_media":0,"parent":0,"menu_order":0,"comment_status":"closed","ping_status":"closed","template":"","meta":{"footnotes":""},"class_list":["post-14","page","type-page","status-publish","hentry"],"_links":{"self":[{"href":"https:\/\/gruene-graben-neudorf.de\/index.php?rest_route=\/wp\/v2\/pages\/14","targetHints":{"allow":["GET"]}}],"collection":[{"href":"https:\/\/gruene-graben-neudorf.de\/index.php?rest_route=\/wp\/v2\/pages"}],"about":[{"href":"https:\/\/gruene-graben-neudorf.de\/index.php?rest_route=\/wp\/v2\/types\/page"}],"author":[{"embeddable":true,"href":"https:\/\/gruene-graben-neudorf.de\/index.php?rest_route=\/wp\/v2\/users\/1"}],"replies":[{"embeddable":true,"href":"https:\/\/gruene-graben-neudorf.de\/index.php?rest_route=%2Fwp%2Fv2%2Fcomments&post=14"}],"version-history":[{"count":2,"href":"https:\/\/gruene-graben-neudorf.de\/index.php?rest_route=\/wp\/v2\/pages\/14\/revisions"}],"predecessor-version":[{"id":183,"href":"https:\/\/gruene-graben-neudorf.de\/index.php?rest_route=\/wp\/v2\/pages\/14\/revisions\/183"}],"wp:attachment":[{"href":"https:\/\/gruene-graben-neudorf.de\/index.php?rest_route=%2Fwp%2Fv2%2Fmedia&parent=14"}],"curies":[{"name":"wp","href":"https:\/\/api.w.org\/{rel}","templated":true}]}}